site?
False
Is 18461 prime?
True
Is 42877 a composite number?
True
Is 616939 a composite number?
True
Is 25138 a prime number?
False
Is 574933 composite?
False
Is 23189 composite?
False
Is 388459 composite?
False
Is 66687 composite?
True
Is 95671 composite?
True
Is 3659 prime?
True
Is 19567 a prime number?
False
Is 7308643 composite?
False
Is 4054 a prime number?
False
Is 258521 a prime number?
True
Is 826901 a prime number?
False
Is 16339 a composite number?
False
Is 256763 prime?
False
Is 724301 a composite number?
True
Is 236291 prime?
False
Is 495937 composite?
True
Is 55643 a prime number?
False
Is 132413 a prime number?
False
Is 1665121 composite?
False
Is 97919 prime?
True
Is 299 a prime number?
False
Is 237043 a prime number?
True
Is 377231 composite?
False
Is 22123 a composite number?
False
Is 236789 prime?
False
Is 30757 a composite number?
False
Is 206699 a prime number?
True
Is 175609 prime?
False
Is 252033 prime?
False
Is 448667 prime?
True
Is 10357 a composite number?
False
Is 121151 composite?
False
Is 26053 composite?
False
Is 418459 a prime number?
True
Is 1693 a composite number?
False
Is 11189 a composite number?
True
Is 14371 a prime number?
False
Is 157259 a composite number?
False
Is 7619 composite?
True
Is 3933823 composite?
False
Is 100907 composite?
False
Is 22123 composite?
False
Is 34141 a composite number?
False
Is 13291 a prime number?
True
Is 447481 composite?
False
Is 7341491 a composite number?
False
Is 13891 a prime number?
False
Is 121855 composite?
True
Is 1786541 a composite number?
False
Is 20777 composite?
True
Is 24902 composite?
True
Is 27923 a prime number?
False
Is 5218 a composite number?
True
Is 3593 a prime number?
True
Is 13569 a prime number?
False
Is 30047 composite?
False
Is 8663 a prime number?
True
Is 174221 prime?
True
Is 18287 prime?
True
Is 13227 a prime number?
False
Is 16601 a prime number?
False
Is 30211 a composite number?
False
Is 65735 a prime number?
False
Is 139658 composite?
True
Is 275027 a composite number?
False
Is 18629 a prime number?
False
Is 1709 prime?
True
Is 151937 composite?
False
Is 40027 a composite number?
True
Is 1801 prime?
True
Is 1022821 a prime number?
True
Is 429487 a composite number?
False
Is 20063 prime?
True
Is 11519 a prime number?
True
Is 11851 prime?
False
Is 222701 a composite number?
True
Is 82163 a composite number?
False
Is 715339 composite?
False
Is 14017 prime?
False
Is 8741 a composite number?
False
Is 55723 composite?
True
Is 3397 a composite number?
True
Is 299389 prime?
True
Is 59749 composite?
True
Is 18679 a composite number?
False
Is 50261 prime?
True
Is 1186199 prime?
False
Is 16327 prime?
False
Is 7993 a prime number?
True
Is 137143 prime?
True
Is 9029 a prime number?
True
Is 1788433 composite?
False
Is 684527 composite?
False
Is 102491 a prime number?
False
Is 131687 composite?
False
Is 159 prime?
False
Is 23227 a composite number?
False
Is 1206259 a prime number?
True
Is 4391 prime?
True
Is 1577 prime?
False
Is 43063 prime?
True
Is 587 composite?
False
Is 125971 a prime number?
False
Is 25043 prime?
False
Is 327289 prime?
True
Is 751411 a prime number?
True
Is 470711 a composite number?
False
Is 2306851 prime?
True
Is 128813 a composite number?
False
Is 15055 prime?
False
Is 21701 prime?
True
Is 127207 prime?
True
Is 37822 prime?
False
Is 997915 a prime number?
False
Is 3109 a prime number?
True
Is 251701 prime?
True
Is 902354 prime?
False
Is 196519 composite?
False
Is 2351 prime?
True
Is 40423 a prime number?
True
Is 67973 composite?
True
Is 721263 composite?
True
Is 1075951 a prime number?
False
Is 14969 composite?
False
Is 137777 composite?
False
Is 26267 a prime number?
True
Is 105641 a prime number?
False
Is 61129 a prime number?
True
Is 31009 a prime number?
False
Is 205483 a prime number?
True
Is 6245 a prime number?
False
Is 22733 composite?
True
Is 2187057 a composite number?
True
Is 47629 prime?
True
Is 1259 composite?
False
Is 205063 prime?
True
Is 211331 a prime number?
False
Is 774643 a prime number?
True
Is 6629 prime?
False
Is 10007 a composite number?
False
Is 1164811 a prime number?
True
Is 254383 a prime number?
True
Is 2629 a prime number?
False
Is 39499 a prime number?
True
Is 1591 a prime number?
False
Is 450239 prime?
True
Is 462827 composite?
False
Is 58502 a composite number?
True
Is 4393 prime?
False
Is 64123 a prime number?
True
Is 405179 composite?
False
Is 458141 a composite number?
True
Is 175366 composite?
True
Is 10919 a composite number?
True
Is 36833 a composite number?
False
Is 979315 composite?
True
Is 183026 prime?
False
Is 2053 a composite number?
False
Is 14081 a composite number?
False
Is 28181 a composite number?
False
Is 4711 a composite number?
True
Is 18433 a prime number?
True
Is 11399 a composite number?
False
Is 53893 composite?
True
Is 141754 a composite number?
True
Is 199301 prime?
False
Is 361159 a prime number?
True
Is 75133 a composite number?
False
Is 12235 a prime number?
False
Is 643613 a prime number?
False
Is 57767 composite?
True
Is 191157 a composite number?
True
Is 325133 composite?
False
Is 57721 composite?
True
Is 3389 composite?
False
Is 368689 a composite number?
False
Is 204667 prime?
True
Is 27617 composite?
False
Is 85237 composite?
False
Is 55313 prime?
True
Is 29933 composite?
True
Is 265957 prime?
True
Is 4853 a composite number?
True
Is 303409 a composite number?
False
Is 15619 composite?
False
Is 44047 a prime number?
False
Is 25111 composite?
False
Is 93778 prime?
False
Is 129245 a composite number?
True
Is 15231 a prime number?
False
Is 22991 composite?
True
Is 50989 a prime number?
True
Is 110987 composite?
True
Is 259801 prime?
True
Is 60377 a composite number?
True
Is 478523 a composite number?
False
Is 13987 composite?
True
Is 23723 a prime number?
False
Is 29443 a prime number?
True
Is 829997 a composite number?
True
Is 47993 prime?
False
Is 80331 prime?
False
Is 773774 a composite number?
True
Is 1829 a composite number?
True
Is 14281 a composite number?
False
Is 16105 a composite number?
True
Is 23099 composite?
False
Is 49079 a prime number?
False
Is 7671 composite?
True
Is 55201 composite?
False
Is 25391 a composite number?
False
Is 54709 composite?
False
Is 43219 a composite number?
True
Is 62787 prime?
False
Is 64151 a prime number?
True
Is 38881 a composite number?
True
Is 10489 a composite number?
True
Is 23303 a prime number?
False
Is 958 composite?
True
Is 12451 a composite number?
False
Is 89617 a prime number?
False
Is 931067 prime?
True
Is 261379 a composite number?
False
Is 695 a composite number?
True
Is 1649411 a composite number?
False
Is 286799 prime?
False
Is 1006799 prime?
True
Is 973631 a composite number?
False
Is 71879 a composite number?
False
Is 558199 prime?
False
Is 5089 a prime number?
False
Is 148969 prime?
False
Is 2165 a prime number?
False
Is 6779 prime?
True
Is 100715 prime?
False
Is 42061 composite?
False
Is 339689 a composite number?
True
Is 69743 a prime number?
False
Is 229231 a prime number?
False
Is 17077 composite?
False
Is 1151 prime?
True
Is 3199 a prime number?
False
Is 8842 prime?
False
Is 98801 prime?
True
Is 72613 a prime number?
True
Is 46747 composite?
False
Is 2293 a prime number?
True
Is 6121 a composite number?
False
Is 24383 a prime number?
False
Is 853997 prime?
False
Is 160217 a composite number?
False
Is 407 composite?
True
Is 34123 prime?
True
Is 2073 a prime number?
False
Is 725303 a prime number?
True
Is 23119 composite?
True
Is 1167641 a composite number?
True
Is 177137 a composite number?
True
Is 3109 a prime number?
True
Is 12247 a composite number?
True
Is 125527 a composite number?
False
Is 14623 prime?
False
Is 5281751 composite?
False
Is 10007 composite?
False
Is 4417 a prime number?
False
Is 14021 a prime number?
False
Is 35031 composite?
True
Is 4637 prime?
True
Is 113713 composite?
True
Is 395089 a composite number?
False
Is 23267 a composite number?
True
Is 5347 a composite number?
False
Is 7509 a prime number?
False
Is 4211 a prime number?
True
Is 5127 prime?
False
Is 39587 a composite number?
True
Is 3637 a composite number?
False
Is 8117 composite?
False
Is 10177 composite?
False
Is 4367 composite?
True
Is 38113 a composite number?
False
Is 10135 a prime number?
False
Is 377957 a compo